{"id":995,"date":"2020-12-26T19:24:59","date_gmt":"2020-12-26T19:24:59","guid":{"rendered":"https:\/\/percycar.com\/estaciones\/?page_id=995"},"modified":"2021-02-12T23:48:37","modified_gmt":"2021-02-12T23:48:37","slug":"transporte","status":"publish","type":"page","link":"https:\/\/percycar.com\/estaciones\/transporte\/","title":{"rendered":"Transporte"},"content":{"rendered":"\t\t<div data-elementor-type=\"post\" data-elementor-id=\"995\" class=\"elementor elementor-995\" data-elementor-settings=\"[]\">\n\t\t\t<div class=\"elementor-inner\">\n\t\t\t\t<div class=\"elementor-section-wrap\">\n\t\t\t\t\t\t\t<section class=\"elementor-element elementor-element-57a1c1f elementor-section-full_width elementor-section-height-default elementor-section-height-default elementor-section elementor-top-section\" data-id=\"57a1c1f\" data-element_type=\"section\">\n\t\t\t\t\t\t<div class=\"elementor-container elementor-column-gap-default\">\n\t\t\t\t<div class=\"elementor-row\">\n\t\t\t\t<div class=\"elementor-element elementor-element-23c46de elementor-column elementor-col-100 elementor-top-column\" data-id=\"23c46de\" data-element_type=\"column\">\n\t\t\t<div class=\"elementor-column-wrap  elementor-element-populated\">\n\t\t\t\t\t<div class=\"elementor-widget-wrap\">\n\t\t\t\t<div class=\"elementor-element elementor-element-cc7136e elementor-align-left elementor-widget elementor-widget-bdevs-slider\" data-id=\"cc7136e\" data-element_type=\"widget\" data-widget_type=\"bdevs-slider.default\">\n\t\t\t\t<div class=\"elementor-widget-container\">\n\t\t\t\t\t\t\t<div class=\"animation-slide owl-carousel owl-theme\" id=\"animation-slide\">\r\n        \t\t\t\t\t\t\t\t            <div class=\"single-slide\" style=\"background: url(https:\/\/percycar.com\/estaciones\/wp-content\/uploads\/2021\/01\/5ff5874a7467e.jpg) center center no-repeat; background-size: cover;\">\r\n                <div class=\"container\">\r\n                    <div class=\"row justify-content-xl-start justify-content-lg-center\">\r\n                        <div class=\"col-xl-7 col-lg-7\">\r\n                            <div class=\"banner-content\">\r\n                                <div class=\"slide-text\">\r\n                                \t                                                                        <div class=\"slide-buttons\">\r\n                                    \t                                                                            <\/div>\r\n                                <\/div>\r\n                            <\/div>\r\n                        <\/div>\r\n                    <\/div>\r\n                <\/div>\r\n            <\/div>\r\n                    <\/div>\t\r\n        \t\r\n\r\n\t\t\t<\/div>\n\t\t\t\t<\/div>\n\t\t\t\t\t\t<\/div>\n\t\t\t<\/div>\n\t\t<\/div>\n\t\t\t\t\t\t<\/div>\n\t\t\t<\/div>\n\t\t<\/section>\n\t\t\t\t<section class=\"elementor-element elementor-element-066aecc elementor-section-boxed elementor-section-height-default elementor-section-height-default elementor-section elementor-top-section\" data-id=\"066aecc\" data-element_type=\"section\">\n\t\t\t\t\t\t<div class=\"elementor-container elementor-column-gap-default\">\n\t\t\t\t<div class=\"elementor-row\">\n\t\t\t\t<div class=\"elementor-element elementor-element-b1b06f1 elementor-column elementor-col-100 elementor-top-column\" data-id=\"b1b06f1\" data-element_type=\"column\">\n\t\t\t<div class=\"elementor-column-wrap  elementor-element-populated\">\n\t\t\t\t\t<div class=\"elementor-widget-wrap\">\n\t\t\t\t<div class=\"elementor-element elementor-element-c5c5f05 elementor-widget elementor-widget-html\" data-id=\"c5c5f05\" data-element_type=\"widget\" data-widget_type=\"html.default\">\n\t\t\t\t<div class=\"elementor-widget-container\">\n\t\t\t<!-- service details begin -->\n<div class=\"service-details\">\n    <div class=\"container\">\n        <div class=\"row\">\n            <div class=\"col-xl-4 col-lg-4 order-xl-first order-lg-first order-last\">\n                <div class=\"sidebar\">\n                    <div class=\"single-widget\">\n                        <div class=\"subject-list\">\n                                                    <\/div>\n                    <\/div>\n\n                    \t<aside id=\"text-3\" class=\"single-widget popular-categories widget_text\" >\t\t\t<div class=\"textwidget\"><div class=\"contact\">\n<h4>Contacto<\/h4>\n<ul>\n\n<li>\n<div class=\"single-line\">\n                <span class=\"icon\"><i class=\"fas fa-phone\"><\/i><\/span><br \/>\n                <span class=\"text\">990 047 273<br \/>01 2935089<\/span>\n            <\/div>\n<\/li>\n<li>\n<div class=\"single-line\">\n                <span class=\"icon\"><i class=\"far fa-envelope\"><\/i><\/span>\n            <\/div>\n<\/li><li>\n<div class=\"single-line\">\n                <span class=\"text\">operativa_estacion@percycar.com<\/span>\n            <\/div>\n<\/li>\n<\/ul>\n<\/div>\n<\/div>\n\t\t<\/aside><aside id=\"text-4\" class=\"single-widget popular-categories widget_text\" >\t\t\t<div class=\"textwidget\"><div class=\"brochures\">\n<h4>Brochure<\/h4>\n<p>Revisa nuestro brochure de presentaci\u00f3n.<\/p>\n<div class=\"buttons\">\n    <a class=\"brochure\" href=\"https:\/\/1drv.ms\/b\/s!ApRb8UDd39EjgpokbU9jUBbTa5w6hw?e=tPWmhc\"><img src=\"http:\/\/shtheme.com\/demosd\/industrio3\/wp-content\/uploads\/2019\/09\/download.svg\" alt=\"\">Descargar<\/a><br \/>\n<\/div>\n<\/div>\n<\/div>\n\t\t<\/aside>               \n\t\t<\/div>\n            <\/div>\n\n            <div class=\"col-xl-8 col-lg-8\">\n                <div class=\"service-details-content\">\n                    <h3>Transport H&V<\/h3>\n                    <p align=\"justify\">Hace 15 a\u00f1os naci\u00f3 TRANSPORT H&V como una necesidad de contar con nuestras propias unidades para abastecer nuestras estaciones. Comenzamos con una peque\u00f1a unidad de 1500 galones y en los a\u00f1os posteriores, adquirimos nuevas unidades de m\u00e1s capacidad.<\/p>\n<p align=\"justify\">Dentro de nuestras actividades como el fleteado a diversas estaciones tambi\u00e9n brindamos el alquiler de las cisternas porque cuentan con despachador directo y fuimos socios estrat\u00e9gicos en los diferentes proyectos:<br\/>\n    Pampa Melchorita (Ampliaci\u00f3n de la Planta de Licuefacci\u00f3n de Gas Natural, ubicado en Chincha, Ica), Toromocho (proyecto cupr\u00edfero ubicado en Morococha, Yauli, Jun\u00edn), Central Hidr\u00e1ulica de Cerro de \u00c1guila, ubicado en Colcabamba, Huancavelica), Consorcio Minero Horizonte S.A. (profundizaci\u00f3n de la mina, ubicado en Pataz, la Libertad) y muchos proyectos m\u00e1s.<\/p>\n<p align=\"justify\">En la actualidad tambi\u00e9n seguimos ampliando la flota y contamos con unidades de 6,000 galones y cisterna de GLP.\n<\/p>\n<br\/><br\/>\n<h3>Servicios<\/h3>\n\n<div class=\"blog-tabs\">\n<ul id=\"myTab\" class=\"nav nav-tabs\" role=\"tablist\">\n \t<li class=\"nav-item\"><a id=\"home-tab\" class=\"nav-link active\" role=\"tab\" href=\"#home\" data-toggle=\"tab\" aria-controls=\"home\" aria-selected=\"true\">Transporte de Combustible<\/a><\/li>\n \t<li class=\"nav-item\"><a id=\"profile-tab\" class=\"nav-link\" role=\"tab\" href=\"#profile\" data-toggle=\"tab\" aria-controls=\"profile\" aria-selected=\"false\">Transporte de L\u00edquido y GLP<\/a><\/li>\n \t<li class=\"nav-item\"><a id=\"contact-tab\" class=\"nav-link\" role=\"tab\" href=\"#contact\" data-toggle=\"tab\" aria-controls=\"contact\" aria-selected=\"false\">Venta despacho directo<\/a><\/li>\n<\/ul>\n<div id=\"myTabContent\" class=\"tab-content\">\n<div id=\"home\" class=\"tab-pane fade show active\" role=\"tabpanel\" aria-labelledby=\"home-tab\">\n<ul>\n \t<li><i class=\"fas fa-adjust\"><\/i> Realizamos servicio de flete de la planta refiner\u00eda a nuestras estaciones y diversas estaciones.<\/li>\n \t<li><i class=\"fas fa-adjust\"><\/i> Unidades de combustible l\u00edquido: 1500, 4000 y 6000 galones.<\/li>\n \t<li><i class=\"fas fa-adjust\"><\/i> Unidad de transporte GLP: 6200 galones.<\/p>\n<\/li>\n<\/ul>\n<div class=\"single-img\"><img src=\"https:\/\/percycar.com\/estaciones\/wp-content\/uploads\/2021\/02\/volvo2.jpg\" alt=\"\" \/><\/div>\n\n<\/div>\n<div id=\"profile\" class=\"tab-pane fade\" role=\"tabpanel\" aria-labelledby=\"profile-tab\">\n\n<p>Contamos con unidades de 6,000, 4,000, 1500 y GLP 6200 gls para nuestro abastecimiento y alquiler a los diferentes puntos de nuestro pa\u00eds<\/p>\n<div class=\"single-img\"><img src=\"https:\/\/percycar.com\/estaciones\/wp-content\/uploads\/2021\/02\/IMG-20160224-WA0009.jpg\" alt=\"\" \/><\/div>\n\n<\/div>\n<div id=\"contact\" class=\"tab-pane fade\" role=\"tabpanel\" aria-labelledby=\"contact-tab\">\n\n<ul>\n \t<li><i class=\"fas fa-adjust\"><\/i> Atendemos directo a las empresas de transporte o diversos proyectos para el despacho en tu punto de trabajo, de esta manera hay un ahorro de combustible en el desplazamiento hasta la estaci\u00f3n de servicio.<\/li>\n \t<li><i class=\"fas fa-adjust\"><\/i>La atenci\u00f3n es a trav\u00e9s del surtidor incorporado en la misma unidad con los instrumentos calibrados para una atenci\u00f3n adecuada y correcta a cada unidad en su lugar de trabajo.<\/li>\n \t<li><i class=\"fas fa-adjust\"><\/i> El alquiler de la unidad acondicionada es a nivel nacional y el despacho de venta directa de Diesel es la zona sur de Lima e Ica.<\/p>\n \t<div class=\"single-img\"><img src=\"https:\/\/percycar.com\/estaciones\/wp-content\/uploads\/2021\/01\/AAA018.jpg\" alt=\"\" \/><\/div>\n<\/li>\n<\/ul>\n<\/div>\n<\/div>\n<\/div>\n\n<\/div>\n<\/div>\n<\/div>\n<\/div>\n<\/div>\n                                     \n                    <\/div>\n                    \n                <\/div>\n            <\/div>\n        <\/div>\n    <\/div>\n<\/div>\n<!-- service details end -->\t\t<\/div>\n\t\t\t\t<\/div>\n\t\t\t\t\t\t<\/div>\n\t\t\t<\/div>\n\t\t<\/div>\n\t\t\t\t\t\t<\/div>\n\t\t\t<\/div>\n\t\t<\/section>\n\t\t\t\t\t\t<\/div>\n\t\t\t<\/div>\n\t\t<\/div>\n\t\t","protected":false},"excerpt":{"rendered":"<p>Contacto 990 047 27301 2935089 operativa_estacion@percycar.com Brochure Revisa nuestro brochure de presentaci\u00f3n. Descargar Transport H&#038;V Hace 15 a\u00f1os naci\u00f3 TRANSPORT H&#038;V como una necesidad de contar con nuestras propias unidades para abastecer nuestras estaciones. Comenzamos con una peque\u00f1a unidad de 1500 galones y en los a\u00f1os posteriores, adquirimos nuevas unidades de m\u00e1s capacidad. Dentro de [&hellip;]<\/p>\n","protected":false},"author":1,"featured_media":0,"parent":0,"menu_order":0,"comment_status":"closed","ping_status":"closed","template":"page-templates\/home-1.php","meta":[],"_links":{"self":[{"href":"https:\/\/percycar.com\/estaciones\/wp-json\/wp\/v2\/pages\/995"}],"collection":[{"href":"https:\/\/percycar.com\/estaciones\/wp-json\/wp\/v2\/pages"}],"about":[{"href":"https:\/\/percycar.com\/estaciones\/wp-json\/wp\/v2\/types\/page"}],"author":[{"embeddable":true,"href":"https:\/\/percycar.com\/estaciones\/wp-json\/wp\/v2\/users\/1"}],"replies":[{"embeddable":true,"href":"https:\/\/percycar.com\/estaciones\/wp-json\/wp\/v2\/comments?post=995"}],"version-history":[{"count":48,"href":"https:\/\/percycar.com\/estaciones\/wp-json\/wp\/v2\/pages\/995\/revisions"}],"predecessor-version":[{"id":1284,"href":"https:\/\/percycar.com\/estaciones\/wp-json\/wp\/v2\/pages\/995\/revisions\/1284"}],"wp:attachment":[{"href":"https:\/\/percycar.com\/estaciones\/wp-json\/wp\/v2\/media?parent=995"}],"curies":[{"name":"wp","href":"https:\/\/api.w.org\/{rel}","templated":true}]}}